mainder when w is divided by 599.
12
Suppose 5*v - 2 = 44*g - 42*g, -v - g = 1. Suppose -3*o + 251 - 233 = v. What is the remainder when 71 is divided by o?
5
Let h be 40/(-6)*(243/(-36) - -6). Suppose 0 = c - 2*z - 73, -3*c = -7*c + h*z + 289. Calculate the remainder when 212 is divided by c.
70
What is the remainder when 620 is divided by -2 + 139 + (9 + -4 - 12)?
100
Suppose 49*h = 24*h - 44*h + 1518. Suppose b + 303 = 4*b. What is the remainder when b is divided by h?
13
Suppose 108448*h = 108359*h + 10413. Let o(v) = 5*v. What is the remainder when h is divided by o(4)?
17
Let a = -58 + 81. Suppose -4*g - a + 67 = 0. Let t = 364 + -361. What is the remainder when g is divided by t?
2
Let n be (-2 + 8/7)*-7. Suppose 2*r + n = -0*r - 3*y, r = y - 13. What is the remainder when 79 is divided by 24/r*(-45)/6?
19
Let a(l) = -24*l - 20. Let x be a(-5). Suppose 6*f = x + 38. What is the remainder when 102 is divided by f?
10
Let s = 2818 - 2774. Calculate the remainder when 160 is divided by s.
28
Let j be (4/6)/(714/(-180) - -4). Suppose 0 = -14*q + 218 + j. Calculate the remainder when 26 is divided by q.
9
Suppose -m + 543 = -2*v, m - 537 = 1730*v - 1734*v. What is the remainder when m is divided by 281?
260
Suppose -3*z = u - 17, 298*u + 85 = 303*u + 2*z. What is the remainder when u is divided by (1 - (-2 + 4))*-7?
3
Suppose -2866 + 9467 = 23*f. Let y = f - 240. Calculate the remainder when 91 is divided by y.
44
Suppose -32*o = -2664 - 4280. Calculate the remainder when 6073 is divided by o.
214
Suppose 5*p - 10 = 3*x + 57, 2*p - 30 = -2*x. Suppose -5*k - p = -7*k. Calculate the remainder when 81 is divided by k.
4
Let q(y) = y**3 - 13*y**2 + 11*y + 14. Let b be q(12). Suppose 0 = b*t - 116 + 36. Let s = -14 + t. Calculate the remainder when 102 is divided by s.
24
Suppose 8*u + 2*u = 40. Let r be (10/(-6))/(u/(-12)). Let k = 19 - r. Calculate the remainder when 66 is divided by k.
10
Suppose -2*m - 3*m = -470. Suppose 0 = 598*r - 597*r - 33. What is the remainder when m is divided by r?
28
Let x = -12812 - -17985. Calculate the remainder when x is divided by 23.
21
Suppose 0*n + 2*q = -5*n + 435, 2*n + 3*q - 185 = 0. What is the remainder when 318 is divided by n?
63
Let x(l) = -96*l + 293. Calculate the remainder when 10 is divided by x(3).
0
Let v be (-6)/99*3 + (-14)/(-77). Suppose v = -4*r + r - 9. What is the remainder when 58 is divided by (360/(-16))/(r/4)?
28
Let y(v) be the third derivative of -v**5/60 - 11*v**4/12 - 3*v**3/2 - v**2 - 11*v. What is the remainder when 185 is divided by y(-18)?
59
Suppose -f = -2*d - 675, 4*f = 6*d + d + 2699. Suppose -5*o = 2*j - 1474, -j = 3*o - f - 211. What is the remainder when o is divided by 59?
58
Suppose -3*h = -5*g + 43 + 15, -5*g = 2*h - 53. Let d = -14 + 157. Calculate the remainder when d is divided by 18/1*g/(-77)*-14.
35
Let r(y) = -y**3 - 3*y**2 - 8*y - 12. Suppose -2*p - p - 42 = 0. Let o = p + 27. What is the remainder when r(-4) is divided by o?
10
Let d = -1026 - -1577. Calculate the remainder when d is divided by (2 + (-8)/3)/(7/(-126)).
11
Let s = -533 - -483. What is the remainder when (((-594)/(-5))/(-3))/(15/s) is divided by 46?
40
Let x = 10 + -7. Calculate the remainder when ((-96)/x - -2)/((-6)/8) is divided by (17 - 2 - -3) + -3.
10
Let f(z) = -z + 8. Let o be f(8). Suppose 5*s - 5*r - 865 = o, -2*s + 3*r - 341 = -4*s. Calculate the remainder when s is divided by (40 - 5)/(3 + -2).
32
Let w = -247 + 442. Let a = 71 - 66. Suppose -a*n + w - 45 = 0. What is the remainder when 89 is divided by n?
29
Let u(z) = 11*z**3 + 3*z**2 + 5*z - 8. What is the remainder when 3976 is divided by u(2)?
100
Suppose 4*x + 3*c = 4*c - 99, -63 = 3*x - 3*c. What is the remainder when 96 is divided by (x/3 - -8) + 35/3?
8
Let p = 41269 - 41258. What is the remainder when 3616 is divided by p?
8
Let j = 9 + 3. Let q(g) = 40*g + 4. Let a be q(3). Suppose -37*u + a = -33*u. What is the remainder when u is divided by j?
7
Let c(v) = 8*v**3 + 5*v**2 - 18*v + 1 + v + 12*v. What is the remainder when c(3) is divided by 31?
30
Let y = 296 + -300. Calculate the remainder when ((-639)/(-45))/((-1)/(-1 + y)) is divided by 36.
35
Suppose -6*a = -a + 30. Let v be a/(-12) - 123/(-2). Let m = -32 + v. Calculate the remainder when 89 is divided by m.
29
Let u(s) be the second derivative of 4*s + 1/12*s**4 + 0 - 1/3*s**3 - s**2. Calculate the remainder when u(-3) is divided by 5.
3
Let f(v) = 127*v + 6421. What is the remainder when 899 is divided by f(-50)?
47
Let u be 2 + -1 - 8*(-3)/(-12). Calculate the remainder when (u/2)/((-3)/438) is divided by 15.
13
Let p = 640 + -905. Let h = p + 280. What is the remainder when h is divided by 5?
0
Suppose 5*d - 160 = -3*k, 2*d - 20 = d - 3*k. Suppose -71*q + 5072 = -55*q. Suppose -11*o + q = 196. Calculate the remainder when d is divided by o.
2
Let i(p) = -p**2 + 8*p - 12. Let m = -54 + 71. Let q = 22 - m. Calculate the remainder when 11 is divided by i(q).
2
Let q be (-64)/6 - (-2)/(-6). Let v(y) = y**3 + 13*y**2 + 13*y - 15. Let n be v(q). Let b = -70 + n. What is the remainder when 67 is divided by b?
11
Suppose 12*s - 28*s + 280 = -12*s. Calculate the remainder when 152 is divided by s.
12
Suppose -17*c + 18*c - 246 = 4*m, 456 = 2*c + 4*m. Calculate the remainder when c is divided by 43.
19
Suppose 0 = 5*v + 5*n - 115, 6*n - 2*n + 4 = 0. Calculate the remainder when 593 is divided by v.
17
Let x(g) = -g**3 - 10*g**2 + 10*g - 3. What is the remainder when -3 + -1*-21*10 is divided by x(-11)?
7
Let m(z) = 4*z**2 + 9*z - 10*z**2 + 5*z**2 + 17 - 2. What is the remainder when 76 is divided by m(8)?
7
Let x(u) = u**3 - 23*u**2 + 157*u - 390. What is the remainder when x(16) is divided by 14?
8
Let c(k) = 0*k**2 + 46*k - 58*k + k**2 + 25. Let j be c(12). Suppose -32*g = -37*g + j. What is the remainder when g is divided by 2?
1
Let z = 101 - 90. Let t(q) = q**3 - 11*q**2 + 26*q - 1. What is the remainder when t(8) is divided by z?
4
Let q(p) = -p**2 + 60*p + 323. What is the remainder when q(51) is divided by 99?
89
Let i = -16333 - -16429. Let l(u) = 24*u**2 + u. Let o(c) = -c. Let y be o(-1). Calculate the remainder when i is divided by l(y).
21
Suppose 717 + 80 - 97 = 4*b. What is the remainder when b is divided by 78?
19
Let w(u) = -8*u**2 + 7*u + 3. Suppose 5714 = -10*i + 5714. Suppose 2*l - 2*r - 90 = 0, -5*r - 35 = -10. What is the remainder when l is divided by w(i)?
1
Suppose 116*u + 432 = -126*u + 278*u. Calculate the remainder when 3/(3/(-2)) + 20 is divided by u.
6
Let n be (4 + 1)*(-14)/(-14). Suppose n*t + 4*u - 171 = 0, 0 = -4*t + 6*t - 3*u - 73. Let o = -15 + t. What is the remainder when o is divided by 6?
2
Suppose 200*u + 149*u + 174*u = 49685. Calculate the remainder when 753 is divided by u.
88
Suppose -4*q = -11*q + 1617. Let r = -221 + q. Calculate the remainder when 69 is divided by r.
9
Suppose g + l = 17, -4*g + 54 = 7*l - 10*l. Let c = -123 - -210. What is the remainder when (c/3)/(0 + 1) is divided by g?
14
Let p = -14793 - -14976. What is the remainder when 885 is divided by p?
153
Let d(z) = -z**2 + 12*z + 236. Calculate the remainder when 297 is divided by d(19).
91
What is the remainder when (208/(-3) + 0)/((-25)/75) is divided by 79?
50
Let x(k) = k**3 + 51*k**2 + 45*k + 50. Let j be x(-50). Suppose -j = -i - 263. What is the remainder when 105 is divided by i?
31
Let j(i) = -6*i**2 - 22*i + 266. Let s be j(9). Let n = 437 + s. Calculate the remainder when 217 is divided by n.
8
Suppose l - 7 + 0 = 3*q, -3*q = -4*l + 19. Let b be 0/(-2) - (l + 9). Let t(v) = v**3 + 12*v**2 - 14*v - 3. What is the remainder when 18 is divided by t(b)?
8
Let q(x) = x**2 - 16*x + 25. Let s be q(10). Let j = s - -37. Suppose -c + 47 + 4 = -v, -180 = -4*c - j*v. Calculate the remainder when c is divided by 6.
5
Suppose 3369*n = 3318*n + 15147. What is the remainder when 299 is divided by n?
2
Suppose -4*c + 5*l = -124, -4*c = 2*l - 426 + 302. What is the remainder when (-140)/2*12/(-8) is divided by c?
12
Suppose 0*w + w + d - 12 = 0, -3*d = -5*w + 28. Suppose -w*j - 746 = -10*j. Suppose -j + 129 = -4*z. What is the remainder when z is divided by 31?
30
Suppose -5*j - 21 + 59 = -2*r - 67, 0 = -4*r. What is the remainder when 425 is divided by j?
5
Let